8a7 (base 11) to base 2.
110010110011101000011
Convert 45354405 (base 8) to base 15.
cdeb4b
11221220022 (base 3) to base 8
276515
What is 230436 (base 8) in base 4?
103010132
What is -312401 (base 7) in base 12?
-270b5
19c336 (base 14) to base 13
2615a8
70c2 (base 15) to base 7
126260
What is 100440103 (base 5) in base 12?
176905
Convert 100111100100001110 (base 2) to base 11.
10083a
Convert 1670d9 (base 15) to base 3.
2001020000120
Convert -2011002211 (base 3) to base 5.
-2323413
Convert -790abe (base 15) to base 8.
-26014557
What is -2b1c5a (base 14) in base 11?
-937588
Convert -50c549 (base 15) to base 6.
-214135053
Convert 1011100010001101 (base 2) to base 16.
b88d
What is 537712 (base 12) in base 16?
14223e
2222102001222 (base 3) to base 4
12002121320
Convert -10010100000000110000 (base 2) to base 10.
-606256
What is bd0a7 (base 16) in base 4?
2331002213
120112211223 (base 4) to base 3
110000100011200
What is -2126272 (base 9) in base 6?
-40232102
20577077 (base 9) to base 3
200122121002121
What is 4aa508 (base 13) in base 12?
725b71
What is 13040045 (base 6) in base 5?
102100432
516074 (base 9) to base 10
306247
What is -4245041 (base 6) in base 16?
-32e51
Convert -1176244 (base 8) to base 3.
-121121022110
8d45 (base 16) to base 7
210303
What is -43d6b (base 14) in base 16?
-282bb
Convert -5223532 (base 6) to base 16.
-3d970
Convert -1022200020 (base 3) to base 13.
-bab7
What is -296a2 (base 12) in base 3?
-2221120112
11977 (base 16) to base 7
420034
1041140224 (base 5) to base 11
1322236
What is -26334662 (base 7) in base 15?
-329b5e
What is -421b41 (base 12) in base 11?
-650541
What is -378616 (base 9) in base 11?
-1473a2
What is -2730db (base 14) in base 11?
-844577
Convert -551366 (base 7) to base 4.
-113211002
-76792 (base 10) to base 12
-38534
What is 2141078 (base 9) in base 12?
474abb
What is 11d77d (base 15) in base 5?
204334233
What is -101111000001101010 (base 2) in base 6?
-4043430
-91006 (base 11) to base 10
-133106
What is -122111112102 (base 3) in base 9?
-574472
4891a9 (base 13) to base 7
20510432
Convert -1790b3a (base 12) to base 7.
-56533354
104635 (base 8) to base 6
431033
What is 11d649 (base 16) in base 4?
10131121021
-11000100101100111001 (base 2) to base 14
-16d893
What is -14550718 (base 9) in base 5?
-3323043432
-4252127 (base 8) to base 3
-2010200220002
What is -51413013 (base 6) in base 7?
-15401046
Convert -21003123300 (base 4) to base 12.
-965580
Convert -186cb (base 14) to base 16.
-f11b
Convert -121110210101 (base 3) to base 9.
-543711
Convert 18a0c (base 13) to base 16.
badf
Convert -12b855 (base 16) to base 5.
-303224322
41652155 (base 7) to base 3
20122002222222
Convert 1360432 (base 8) to base 15.
79271
-744568 (base 11) to base 8
-4427764
Convert 1101101010101100 (base 2) to base 3.
2211210100
What is 223081 (base 11) in base 6?
11341402
Convert 17cbd (base 14) to base 7.
340226
8a0a60 (base 13) to base 16
31b57a
What is -2c73f (base 16) in base 6?
-3522543
110001100111000111011100 (base 2) to base 12
4432250
What is 13a92b (base 13) in base 4?
1311103320
Convert -caabe7 (base 15) to base 5.
-4432431232
What is 24134402 (base 5) in base 9?
371670
Convert 146423 (base 10) to base 8.
435767
-103221110 (base 4) to base 5
-10033333
-53672 (base 8) to base 4
-11132322
What is 26020 (base 10) in base 4?
12112210
Convert -4c1a2 (base 16) to base 12.
-130482
716704 (base 9) to base 7
3416425
Convert 100111011000001001001001 (base 2) to base 10.
10322505
Convert -50622320 (base 7) to base 9.
-7847462
What is -46803 (base 9) in base 6?
-400433
-2604346 (base 7) to base 2
-1010010011100011101
41030341 (base 5) to base 12
13b040
-112011100002 (base 3) to base 10
-278723
Convert 101433100 (base 6) to base 14.
33c176
Convert -13232342 (base 5) to base 8.
-404540
-13241243443 (base 5) to base 8
-77676307
Convert -47a358 (base 14) to base 15.
-33565e
Convert -133303221 (base 4) to base 13.
-473b8
Convert -11021200210121 (base 3) to base 12.
-919a2a
-a633e8 (base 16) to base 2
-101001100011001111101000
-1658331 (base 9) to base 14
-1a0d7d
Convert -1102211202220 (base 3) to base 10.
-764556
1222044 (base 7) to base 6
3205503
What is 1cb17 (base 16) in base 11?
80333
-10616370 (base 8) to base 7
-25362653
48893 (base 10) to base 16
befd
Convert -4022504 (base 8) to base 2.
-100000010010101000100
What is 354314 (base 12) in base 11?
536309
Convert 10001111101011100110 (base 2) to base 10.
588518
Convert 17a2c (base 15) to base 6.
1350210
-6df0b (base 16) to base 5
-103402230
What is -11545445 (base 6) in base 14?
-9976d
What is 200401 (base 7) in base 13?
1250b
235536 (base 7) to base 4
22130310
-81a1 (base 13) to base 6
-214432
-23312302032 (base 4) to base 12
-105a726
Convert -338265 (base 10) to base 5.
-41311030
What is 308076 (base 9) in base 15?
39383
-32076 (base 8) to base 16
-343e
What is -7661376 (base 9) in base 3?
-21202001102120
-2120120012020 (base 3) to base 10
-1369203
What is 2205349 (base 10) in base 8?
10323245
What is 10003205 (base 7) in base 12?
3392ab
-13332202 (base 6) to base 8
-1552212
Convert 41212204 (base 5) to base 14.
8a2a4
Convert 222212133023 (base 4) to base 14.
16a9c03
Convert 15475 (base 11) to base 15.
6727
What is -58106 (base 16) in base 5?
-43020320
1111100000000001 (base 2) to base 15
13c29
5024552 (base 6) to base 10
236948
Convert 3112063 (base 7) to base 14.
99c6a
What is -598ce3 (base 16) in base 11?
-3349327
58146 (base 11) to base 14
2289a
361413 (base 8) to base 11
849a8
Convert 10111000010011101 (base 2) to base 5.
11004430
122030131133 (base 4) to base 13
15656b1
What is -1215a74 (base 14) in base 5?
-4204100012
Convert 1101221112210 (base 3) to base 14.
156299
-5b2bb6 (base 13) to base 2
-1000010011100000001110
1001011000000011101100 (base 2) to base 10
2457836
Convert -313021000 (base 4) to base 7.
-1630321
What is -16541241 (base 7) in base 14?
-303958
What is -4389 (base 12) in base 3?
-101012220
What is -4120951 (base 10) in base 9?
-7670784
-101100220002111 (base 3) to base 14
-a359a8
7351770 (base 8) to base 9
3608438
What is 375155 (base 8) in base 3?
20120211200
Convert -4355541 (base 6) to base 14.
-594b3
1023414304 (base 6) to base 13
23169b8
Convert 122122321 (base 4) to base 6.
2153001
Convert -1120133322 (base 4) to base 3.
-200102020120
1019e3 (base 15) to base 2
10111010110000111100
Convert -4b674 (base 12) to base 8.
-310770
-2223100031 (base 4) to base 10
-701453
What is -22211022100 (base 3) in base 7?
-1322331
What is -386c0a (base 15) in base 4?
-22110222211
Convert 340310033 (base 6) to base 2.
10111100101100101000101
Convert 702465 (base 8) to base 16.
38535
1003030 (base 8) to base 6
5352504
What is -132145033 (base 6) in base 4?
-22001103231
Convert -211324 (base 9) to base 11.
-86450
Convert 121bb (base 13) to base 11.
23003
Convert -9246a (base 14) to base 12.
-14b926
Convert -1948bb2 (base 12) to base 10.
-5323958
-1012b2 (base 16) to base 6
-34324402
Convert 8aa10 (base 11) to base 6.
2453311
What is 1400911 (base 10) in base 11?
877586
-510343 (base 8) to base 12
-81397
What is -212715 (base 10) in base 6?
-4320443
What is -4380 (base 15) in base 14?
-52d1
-110134252 (base 6) to base 3
-10201012022212
What is -33424031 (base 5) in base 3?
-120000101001
Convert 12627504 (base 8) to base 16.
2b2f44
Convert 113a487 (base 11) to base 2.
111100101111100011000
Convert 2851582 (base 9) to base 6.
53345115
Convert -64caa6 (base 13) to base 14.
-459ab6
-101222122220120 (base 3) to base 16
-591978
What is -267674 (base 9) in base 10?
-163120
Convert a9d4b (base 14) to base 10.
411471
de6556 (base 15) to base 9
21848280
What is -1011101101110111101 (base 2) in base 10?
-383933
Convert 5428780 (base 9) to base 8.
13071342
What is -121240103 (base 5) in base 15?
-b4403
Convert 303626 (base 7) to base 3.
2122000012
What is -1636d (base 16) in base 7?
-526163
20200202102 (base 3) to base 5
13204041
Convert -1332308 (base 9) to base 14.
-150056
Convert -100012000002 (base 3) to base 10.
-180794
7063a (base 12) to base 6
3044114
436415 (base 8) to base 13
51a09
Convert d3999 (base 14) to base 6.
14530551
What is 77639a1 (base 11) in base 9?
27560843
30124413 (base 5) to base 2
111010011011111110
What is -21322210131 (base 4) in base 5?
-1131133242
What i